 + (-20 - 12) + 1
84
What is 65 - (83 + (-56 - 2))?
40
Evaluate 35 - (-15 + 0 - (-33 - (-4 - 28))).
49
What is the value of -42 - (-104 - -73 - 40)?
29
3 - (-38 - (-103 + 1))
-61
11 - 5 - (29 - (3 + 4 - (25 - 18)))
-23
What is 39 + (40 - 123) + 48?
4
(56 - 133 - -83) + (1 - -33) + (-1 - 1)
38
21 - (7 + (1 - 1 - 6 - (11 + -14)))
17
What is -80 - (-6 + -43 + 13 + 10)?
-54
-5 + 2 + -1 + -44 + (17 - -2)
-29
Evaluate 184 + -211 - (-3 + -29).
5
What is 9 + (8 - 1) + -19 - (89 + -77)?
-15
What is the value of 39 + -101 + 0 + 53?
-9
Calculate 4817 - 4832 - (-2 - (2 - -14)).
3
19 + (-8 + (18 - 11) - (-22 - -4))
36
Evaluate -821 + 736 + (3 + 3 - -24).
-55
(-7 - 2) + (27 - (-4 - -32)) + -10 + -11
-31
What is -12 + 20 - -10 - (68 + -25) - -1?
-24
What is 5 - (-140 + (0 + 13 - 3) + -1 + -12)?
148
What is 1028 - 1198 - (8 - 65)?
-113
Calculate 65 + -51 + (73 - 57).
30
What is the value of 28 + 61 + ((-5 - -9) + -3 - 8 - 3)?
79
(8 + -45 - -178) + -21 + 1 - 5
116
What is the value of 4 + -19 - (100 + -35 + -43)?
-37
What is 25 + (9 - -2) + 0 + 31?
67
What is the value of 31 - -3 - 4 - (10 + -2 - 14)?
36
What is the value of 2 + -10 - (1 - 1 - -9 - (75 - 25))?
33
(70 - (-20 - (44 + -20))) + 29
143
What is the value of (-532 - -481) + (12 - 5)?
-44
31 + (5 - (-61 + 142))
-45
What is the value of 13 - ((6 - (-7 + 24)) + (-2 - -4 - 115))?
137
What is the value of -23 + 7 + (9 + -11 - -82)?
64
What is -1 - (-1 - 3) - (-44 - -52 - 17) - 98?
-86
Evaluate 3 + 3 + 1416 + -1351.
71
What is (14 - -58) + (-137 - -17)?
-48
Calculate -13 + -1 + -8 + (36 - 20).
-6
Calculate (29 - 120 - -20 - -26) + -11 + 3.
-53
What is the value of 40 - (33 - (-40 + -7))?
-40
What is the value of -97 - 4 - (1084 + -1142)?
-43
Evaluate ((-18 + 15 - -3) + -28 - 2) + 15.
-15
Calculate -10450 + 10460 + ((-2 - 1) + 2 - 2) + -57.
-50
(-8 - -31) + 746 + -725
44
-8 - (18 + 12 + 3)
-41
What is (8 + -3 + 37 - ((9 - 12) + 2)) + 7?
50
Calculate -21 + -170 - -67 - -57.
-67
-110 - (160 + -49 + -219)
-2
What is -10 + -17 + 27 + 15 + 3 + -2?
16
What is the value of -68 - (32 + -14 + -27)?
-59
Calculate 101 + -105 + (25 - -5).
26
Calculate 35 + -34 - ((0 - 9) + 9 - (6 + 44)).
51
Evaluate 0 + (2 - 94) + -155 + 101 + 49 + -4.
-101
Evaluate 69 + (66 - 227) + 36.
-56
What is the value of (-30 - -2) + 1704 + -1655?
21
Calculate 89 + (56 - -10 - 108).
47
Evaluate (13 - 93) + (-17 - 1) + 8.
-90
(70 - 62) + -20 + 6 - -19
13
0 + 1 + 3 + 312 + -321 + 81
76
What is the value of -83 + 67 - ((-18 - -21) + 1 + -36)?
16
Evaluate -322 + 338 + (7 - -8).
31
Evaluate 58 - (26 - (-52 - -36)).
16
Evaluate -5 + (10 - 20 - -13) + (11 - -2).
11
What is the value of -301 - -292 - (4 + 26 + -4)?
-35
(3 - 4) + 567 + -576 + (108 - 1)
97
Evaluate 2 + -5 + (11 - 9) - (-29 + (-4 - -47)).
-15
Calculate (0 - (-1 - 1)) + -74 + 452 + -322.
58
Evaluate -9 - (9 + 8 - 7 - (5 + -7) - -8).
-29
Calculate (-49 - -57) + -70 + -6 + -1 + 7.
-62
Calculate 84 - (121 - 18) - -83.
64
17 + (-7 - (3 + -4) - (-20 - -12) - 10)
9
Calculate -7 - ((3 - -7) + -17) - -35.
35
(-81 - (-27 - 2)) + (7 - -6)
-39
Calculate (0 - (-1 + 2)) + 41 + (191 - 189).
42
What is -25 - (-198 + 177 + 41 + -3)?
-42
What is the value of (2 + -50 - 0) + 16 + (11 - 33) + -1?
-55
What is the value of 0 + (-7 - (-8 + 35))?
-34
Evaluate 53 - (-2 + 3 + (7 - 4) + 2).
47
49 + 3 + (-21 + 1 - -6) + 2 + 2
42
What is -33 + -6 - -12 - (0 + 3 + 4)?
-34
What is -4 + -74 + (-8 - -8 - 7) - (42 + -51)?
-76
What is -1 - (1 - -5) - (-1566 + 1598)?
-39
-33 + 35 + (74 - 37 - (-5 + 0))
44
(-130 - (29 - 39)) + 23
-97
What is 5 + 3 - (-879 + 843)?
44
Calculate (56 - 0 - (-138 + 103)) + -2.
89
Evaluate -6 + ((3 - 50) + -19 - (-5 + 1)).
-68
What is 86 + -1 + -140 + -164 + 271?
52
What is (-20 - 26) + 37 + 18?
9
14 - (-111 + 77 + -33)
81
Calculate (-1 - 93) + (78 - 38).
-54
What is the value of ((89 - 107) + -1 + 13 - -9) + -22?
-19
6 + (-10 - 0 - -15) - 2 - 11 - 70
-72
Calculate (6 + -23 + 16 + -6 - (-8 - 0)) + 16.
17
What is the value of -59 + (10 - -8 - -24) + -20?
-37
(-2 - 14) + 4 - (341 + -330)
-23
What is the value of 1 + -1 + -32 - ((15 + -26 - 5) + 8)?
-24
What is the value of -294 + 312 + 3 + -5?
16
What is the value of -25 + (-4 - 16 - (158 - 134))?
-69
What is the value of -18 + (-26 - -20) - -18?
-6
-25 - (-41 + -9 + 8) - -14
31
Calculate (-2465 - -2477) + 13 + (-2 - -1).
24
What is the value of -36 + (-12 + 5 - (-3 + -5)) - (-24 + 13)?
-24
Calculate (-107 - -109) + 4 + 45 + -1 + 4 + -4.
50
4740 + -4775 + 23 + 1
-11
What is -68 - (0 - (-6 - 7 - -5) - (72 + -78))?
-82
What is 1 + 139 + (-901 - -795)?
34
What is the value of (12 - 7) + -2 + (27 + -32 - (4 + -4))?
-2
7 - 2 - (190 + -173) - -5
-7
Evaluate 68 + (28 - 23 - 19) + 31.
85
What is the value of 19 - 36 - -15 - -17 - -6?
21
Evaluate -100 + 104 + -6 + -1 + 1 + 82.
80
Calculate 4 + (18 - 31) + 30 - -12 - -18.
51
-11 + (3 - 27 - (2 - 2)) + 6 + 7
-22
6 + -10 + 15 + -8 + 1 + 92
96
Evaluate 19 - (78 - (27 - -3)) - ((-4 - 0) + -3).
-22
Evaluate (-2 - 11 - (-36 + 22 + -1)) + 61.
63
What is the value of -3 + 0 + -72 + -9 + 22 + -5 + -1?
-68
Evaluate 23 - (24 - 48 - -47).
0
Evaluate 56 - 55 - (-10 + 6 + -13).
18
What is -1814 + 1827 + (-2 - 29)?
-18
Calculate -2 + 9 + (37 - (-5 + -5)) + 2 + -2.
54
Evaluate 3 + 67 + (-11 + -9 - (-17 - (-5 - -4))).
66
(12 - (2 + (23 - 7))) + 3 + 21
18
What is -9 + -16 + (-18 - (-6 - -7)) + -11?
-55
Calculate 29 - (-39 - (-40 + 50) - 30).
108
What is -14 + (52 - (-14 - -67))?
-15
What is 16 - (-32 - 0 - (1797 + -1824))?
21
Calculate 6 - (20 + -8 - 67) - 24.
37
(25 - -1 - 6 - -2) + (-9 - (7 + -6))
12
Calculate (-1 - 5) + 5 + -6 - (-471 - -424).
40
Evaluate -1 + -52 - (-43 + -146 + 185).
-49
Calculate -7 - 27 - -155 - (2 - 1) - (11 - 19).
128
Evaluate 10 - 14 - 43 - (-14 + (-1 - -18 - 8)).
-42
Calculate -52 + 7 + 14 + -11 + (-12 - -23).
-31
2 + -2 + 11 + 2 - (31 - -307 - 341)
16
(-20 + 4 - -20) + 2 + (-1 - 2)
3
What is the value of -62 - (107 - 62 - 162)?
55
Calculate (30 - -1) + (-1563 - -1499).
-33
What is the value of -1 + -7 + (-33 + 39 - -18 - 70)?
-54
Evaluate -4 + (-1 - 0) + 7 + -19 + (-17 - -29).
-5
29 - (-38 - -98 - -19)
-50
Calculate 4 - 18 - (-51 + -39 + 85).
-9
Evaluate 64 + (-26 - 7) + -62.
-31
2 + -5 + -55 - (-708 - -728)
-78
What is 26 - (14 + -2 - (7 - (-12 - -3) - 9))?
21
What is -37 + 10 + (-1 - 7) - (9 - 27)?
-17
Evaluate -41 - (-38 + 18 + -22).
1
(-68 - -74) + (-163 - -15)
-142
Calculate 14 + 13 + 1 + -16 + 13.
25
What is -284 - -226 - (-11 + 66 + -14)?
-99
What is the value of 21 - (2 + 21) - 1?
-3
Evaluate 0 + -13 - (41 - 60) - (61 + -104).
49
What is the value of 7 + (7 - (-29 + 16 + 24))?
3
Calculate (16 - 17) + (2 - 17) + 7 - 5 - 89.
-103
What is -1 + 2 + 24 + -1 + (-149 - (104 + -264))?
35
Evaluate 29 + -9 + (-39 - 4).
-23
What is the value of -2 + (-1 - 7) - (9 - (14 - 5))?
-10
Evaluate 14 + -17 - 13 - (-25 - -33).
-24
Calculate -4 + (4 - -11) - (-30 + 13 - 7).
35
Calculate -8 - 113 - (34 + -103).
-52
What is the value of (-4 - (-7 + (0 - (14 - 18)))) + -33?
-34
Evaluate 1 + -21 + 1 + 7 + -1 + 68 + 33.
88
Calculate (16 - (-87 - -78) - -55) + (-6 - (1 - 0)).
73
What is the value of -5 - (41 - 79 - -5)?
28
Calculate -2 - (-3 - 2) - (-6842 - -6834) - -46.
57
10 - ((4 + 10 - 7) + 4 + -5)
4
Evaluate ((22 - 2) + 3 - (5 - -12)) + -51.
-45
What is the value of 23 + 4 + (14 - 2 - 14) + 2 + -1?
26
What is the value of 7 + (-33 - -5) + 7 - (11 + -2 + 88)?
-111
What is the value of (35 - (0 - -5)) + -28 + 42 + 1?
45
147 + -62 + -79 + -7
-1
Evaluate -11 + -2 + 3 + -8 + -17 + 20.
-15
Calculate -10 + (-4 - (-7 - 10) - 8) + (2 - -74).
71
Evaluate 60 - ((23 - 24) + 41).
20
Evaluate -39 + (-3 - (5 + 12 - 8) - -21).
-30
Calculate 10 - ((-196 - -230) + (2 - -15)).
-41
Calculate (12 - ((18 - 40) + 23)) + 0 + -61.
-50
Evaluate -542 - -588 - ((7 - 7) + 35).
11
What is the value of (2 - -12) + 24 + (13 - (72 - 16))?
-5
Calculate (-1 - 37) + (-114 - -29) + 27.
-96
What is the value of 4 + -3 + -1 - (6 - (28 - 28))?
-6
Calculate -441 + 577 - (108 + -13).
41
Calculate 12 - 7 - -8 - 0 - 6 - (-5 - -152).
-140
(7 - (10 + -4 - 12)) + (31 - 12)
32
Calculate (62 - (-48 + 106)) + 30.
34
What is 5 + 17 + 4 + -22 + (2 + 1 - -35)?
42
2 + 44 + 1 - (-18 - (16 + -37))
44
Calculate -9 + (62 + -56 - (1 - -3)).
-7
What is -4 + -4 + (6 -